ate the highest common divisor of 1 and 4.
1
What is the greatest common divisor of 8 and 72?
8
What is the greatest common divisor of 6 and 762?
6
What is the greatest common divisor of 4520 and 40?
40
Calculate the greatest common factor of 100 and 8.
4
Calculate the highest common factor of 22 and 1298.
22
What is the highest common factor of 1313 and 221?
13
Calculate the greatest common divisor of 72 and 3510.
18
What is the greatest common factor of 391 and 34?
17
What is the highest common factor of 1220 and 20?
20
Calculate the greatest common divisor of 83 and 3071.
83
Calculate the highest common factor of 40 and 128.
8
What is the greatest common factor of 12 and 456?
12
Calculate the highest common divisor of 14 and 595.
7
What is the greatest common factor of 66 and 22?
22
Calculate the highest common factor of 3968 and 128.
128
Calculate the greatest common factor of 832 and 52.
52
Calculate the highest common divisor of 648 and 528.
24
Calculate the highest common divisor of 18 and 330.
6
Calculate the highest common divisor of 200 and 9700.
100
Calculate the highest common divisor of 52 and 130.
26
Calculate the greatest common divisor of 150 and 480.
30
What is the greatest common divisor of 500 and 4100?
100
Calculate the highest common factor of 22 and 55.
11
Calculate the highest common divisor of 364 and 156.
52
What is the greatest common factor of 1241 and 17?
17
Calculate the highest common factor of 154 and 28.
14
What is the highest common divisor of 162 and 72?
18
Calculate the highest common divisor of 162 and 2.
2
What is the highest common divisor of 164 and 4?
4
What is the highest common divisor of 11802 and 28?
14
Calculate the greatest common factor of 8725 and 25.
25
What is the greatest common factor of 24 and 264?
24
Calculate the highest common divisor of 17 and 2873.
17
Calculate the highest common divisor of 2210 and 510.
170
What is the highest common factor of 15577 and 37?
37
Calculate the highest common divisor of 70 and 91.
7
What is the greatest common divisor of 2493 and 18?
9
What is the greatest common factor of 49 and 392?
49
What is the highest common divisor of 851 and 207?
23
Calculate the greatest common factor of 32 and 128.
32
What is the highest common factor of 132 and 2838?
66
What is the greatest common divisor of 3460 and 80?
20
What is the highest common divisor of 737 and 603?
67
Calculate the greatest common divisor of 27 and 45.
9
Calculate the greatest common factor of 25 and 1600.
25
What is the greatest common factor of 1758 and 6?
6
Calculate the greatest common divisor of 711 and 9.
9
What is the highest common factor of 87 and 15?
3
What is the highest common divisor of 3016 and 208?
104
Calculate the greatest common factor of 1 and 251.
1
Calculate the highest common divisor of 297 and 33.
33
Calculate the greatest common factor of 14 and 10.
2
What is the highest common factor of 10 and 585?
5
Calculate the highest common factor of 76 and 19.
19
What is the highest common factor of 195 and 247?
13
What is the highest common divisor of 640 and 180?
20
Calculate the highest common divisor of 23 and 483.
23
Calculate the highest common divisor of 441 and 9.
9
What is the greatest common divisor of 12 and 3972?
12
Calculate the highest common divisor of 81066 and 59.
59
What is the highest common factor of 493 and 34?
17
What is the highest common factor of 159 and 3?
3
Calculate the highest common factor of 2397 and 1974.
141
Calculate the greatest common divisor of 1464 and 120.
24
Calculate the highest common factor of 5282 and 139.
139
Calculate the greatest common factor of 34 and 84626.
34
What is the highest common factor of 136 and 248?
8
What is the greatest common divisor of 83 and 2324?
83
What is the greatest common factor of 32 and 8080?
16
Calculate the greatest common divisor of 25191 and 622.
311
What is the highest common divisor of 121 and 979?
11
Calculate the highest common factor of 1573 and 22.
11
Calculate the highest common factor of 21 and 126.
21
What is the greatest common divisor of 114 and 171?
57
What is the greatest common divisor of 35 and 35?
35
Calculate the greatest common divisor of 2664 and 72.
72
What is the greatest common factor of 85 and 1649?
17
Calculate the greatest common factor of 31 and 31.
31
Calculate the highest common factor of 1672 and 21527.
209
Calculate the greatest common factor of 714 and 2244.
102
What is the highest common factor of 31 and 4340?
31
Calculate the greatest common divisor of 36 and 153.
9
What is the greatest common factor of 46 and 736?
46
Calculate the greatest common factor of 65 and 95.
5
Calculate the highest common divisor of 744 and 93.
93
Calculate the greatest common divisor of 60 and 240.
60
Calculate the highest common divisor of 23 and 8.
1
What is the highest common factor of 4685 and 15?
5
What is the greatest common divisor of 11 and 88?
11
What is the highest common divisor of 3598 and 14?
14
What is the greatest common divisor of 528 and 198?
66
What is the highest common factor of 462 and 119?
7
What is the greatest common factor of 36 and 126?
18
What is the highest common divisor of 826 and 3776?
118
What is the highest common divisor of 207 and 774?
9
What is the greatest common factor of 96 and 180?
12
What is the greatest common divisor of 40 and 530?
10
Calculate the greatest common factor of 1024 and 256.
256
What is the greatest common divisor of 13 and 2730?
13
Calculate the highest common divisor of 20775 and 15.
15
Calculate the highest common divisor of 287 and 3321.
41
What is the highest common factor of 4 and 268?
4
Calculate the highest common factor of 12 and 1140.
12
Calculate the highest common divisor of 1258 and 136.
34
What is the highest common factor of 527 and 34?
17
What is the highest common factor of 147 and 1813?
49
What is the highest common factor of 504 and 96?
24
Calculate the highest common divisor of 4098 and 6.
6
Calculate the greatest common divisor of 9396 and 203.
29
Calculate the greatest common divisor of 139 and 139.
139
Calculate the greatest common factor of 54 and 153.
9
What is the greatest common divisor of 1204 and 43?
43
What is the greatest common divisor of 22781 and 209?
209
Calculate the highest common divisor of 600 and 720.
120
What is the highest common divisor of 57 and 2660?
19
What is the greatest common divisor of 473 and 215?
43
What is the highest common factor of 54 and 351?
27
What is the greatest common factor of 105 and 273?
21
Calculate the highest common factor of 145 and 1015.
145
Calculate the highest common divisor of 184 and 1219.
23
What is the highest common factor of 24 and 60?
12
What is the highest common factor of 1404 and 832?
52
Calculate the greatest common factor of 192 and 10200.
24
Calculate the greatest common factor of 37 and 74.
37
Calculate the greatest common divisor of 22 and 187.
11
Calculate the greatest common factor of 66 and 3498.
66
What is the greatest common divisor of 11340 and 280?
140
Calculate the greatest common divisor of 496 and 310.
62
What is the highest common factor of 70 and 5?
5
Calculate the greatest common factor of 11656 and 310.
62
What is the highest common divisor of 851 and 148?
37
What is the highest common divisor of 240 and 90?
30
What is the greatest common divisor of 1317 and 6?
3
Calculate the greatest common divisor of 423 and 1629.
9
Calculate the greatest common divisor of 63 and 16233.
21
What is the highest common factor of 3968 and 8?
8
What is the greatest common divisor of 1065 and 405?
15
What is the greatest common factor of 52 and 1534?
26
What is the highest common divisor of 3 and 4299?
3
Calculate the highest common divisor of 1793 and 5053.
163
Calculate the highest common divisor of 56 and 2408.
56
Calculate the highest common factor of 2611 and 7.
7
What is the highest common divisor of 1178 and 341?
31
Calculate the greatest common divisor of 816 and 48.
48
Calculate the greatest common factor of 672 and 1056.
96
Calculate the highest common divisor of 20 and 530.
10
Calculate the greatest common factor of 96 and 1188.
12
What is the highest common factor of 135 and 54?
27
What is the greatest common factor of 121 and 8107?
121
Calculate the 